{"id":1751,"date":"2025-02-13T15:45:53","date_gmt":"2025-02-13T15:45:53","guid":{"rendered":"https:\/\/moccasin-herring-584669.hostingersite.com\/?page_id=1751"},"modified":"2025-07-24T16:22:44","modified_gmt":"2025-07-24T16:22:44","slug":"emergencia-dental-2","status":"publish","type":"page","link":"https:\/\/odontologostampa.com\/?page_id=1751","title":{"rendered":"Sin dolor"},"content":{"rendered":"\t\t<div data-elementor-type=\"wp-page\" data-elementor-id=\"1751\" class=\"elementor elementor-1751\" data-elementor-post-type=\"page\">\n\t\t\t\t<div class=\"elementor-element elementor-element-d485528 e-flex e-con-boxed e-con e-parent\" data-id=\"d485528\" data-element_type=\"container\" data-e-type=\"container\" data-settings=\"{&quot;background_background&quot;:&quot;classic&quot;}\">\n\t\t\t\t\t<div class=\"e-con-inner\">\n\t\t<div class=\"elementor-element elementor-element-c5ff0b5 e-con-full e-flex e-con e-child\" data-id=\"c5ff0b5\" data-element_type=\"container\" data-e-type=\"container\">\n\t\t\t\t<div class=\"elementor-element elementor-element-f0ba27a elementor-widget elementor-widget-heading\" data-id=\"f0ba27a\" data-element_type=\"widget\" data-e-type=\"widget\" data-widget_type=\"heading.default\">\n\t\t\t\t<div class=\"elementor-widget-container\">\n\t\t\t\t\t<h2 class=\"elementor-heading-title elementor-size-default\">Sin dolor<\/h2>\t\t\t\t<\/div>\n\t\t\t\t<\/div>\n\t\t\t\t<div class=\"elementor-element elementor-element-133aedb elementor-widget elementor-widget-text-editor\" data-id=\"133aedb\" data-element_type=\"widget\" data-e-type=\"widget\" data-widget_type=\"text-editor.default\">\n\t\t\t\t<div class=\"elementor-widget-container\">\n\t\t\t\t\t\t\t\t\t<h4>Una experiencia c\u00f3moda para cada paciente<\/h4><p>Nuestro enfoque de odontolog\u00eda sin dolor garantiza que cada paciente reciba atenci\u00f3n de primera calidad sin miedo ni molestias. Ya sea que necesite una limpieza de rutina, un empaste o un procedimiento m\u00e1s avanzado, utilizamos t\u00e9cnicas modernas para que su visita sea lo m\u00e1s tranquila y relajante posible.<\/p>\t\t\t\t\t\t\t\t<\/div>\n\t\t\t\t<\/div>\n\t\t\t\t<\/div>\n\t\t<div class=\"elementor-element elementor-element-112ab60 e-con-full e-flex e-con e-child\" data-id=\"112ab60\" data-element_type=\"container\" data-e-type=\"container\">\n\t\t\t\t<\/div>\n\t\t\t\t\t<\/div>\n\t\t\t\t<\/div>\n\t\t<div class=\"elementor-element elementor-element-a727622 e-flex e-con-boxed e-con e-parent\" data-id=\"a727622\" data-element_type=\"container\" data-e-type=\"container\">\n\t\t\t\t\t<div class=\"e-con-inner\">\n\t\t<div class=\"elementor-element elementor-element-bd13e48 e-con-full e-flex e-con e-child\" data-id=\"bd13e48\" data-element_type=\"container\" data-e-type=\"container\">\n\t\t\t\t<div class=\"elementor-element elementor-element-c237b73 elementor-widget elementor-widget-image\" data-id=\"c237b73\" data-element_type=\"widget\" data-e-type=\"widget\" data-widget_type=\"image.default\">\n\t\t\t\t<div class=\"elementor-widget-container\">\n\t\t\t\t\t\t\t\t\t\t\t\t\t\t\t<img fetchpriority=\"high\" decoding=\"async\" width=\"800\" height=\"533\" src=\"https:\/\/odontologostampa.com\/wp-content\/uploads\/2025\/04\/clinica-dental.jpg\" class=\"attachment-large size-large wp-image-2176\" alt=\"\" srcset=\"https:\/\/odontologostampa.com\/wp-content\/uploads\/2025\/04\/clinica-dental.jpg 1000w, https:\/\/odontologostampa.com\/wp-content\/uploads\/2025\/04\/clinica-dental-300x200.jpg 300w, https:\/\/odontologostampa.com\/wp-content\/uploads\/2025\/04\/clinica-dental-768x511.jpg 768w\" sizes=\"(max-width: 800px) 100vw, 800px\" \/>\t\t\t\t\t\t\t\t\t\t\t\t\t\t\t<\/div>\n\t\t\t\t<\/div>\n\t\t\t\t<\/div>\n\t\t<div class=\"elementor-element elementor-element-b431295 e-con-full e-flex e-con e-child\" data-id=\"b431295\" data-element_type=\"container\" data-e-type=\"container\">\n\t\t\t\t<div class=\"elementor-element elementor-element-f303d15 elementor-widget elementor-widget-text-editor\" data-id=\"f303d15\" data-element_type=\"widget\" data-e-type=\"widget\" data-widget_type=\"text-editor.default\">\n\t\t\t\t<div class=\"elementor-widget-container\">\n\t\t\t\t\t\t\t\t\t<h4>\u00bfPor qu\u00e9 elegir una odontolog\u00eda sin dolor?<\/h4><p><img decoding=\"async\" class=\"emoji\" role=\"img\" draggable=\"false\" src=\"https:\/\/s.w.org\/images\/core\/emoji\/15.0.3\/svg\/2714.svg\" alt=\"\u2714\" \/> Opciones avanzadas de anestesia y sedaci\u00f3n: ofrecemos t\u00e9cnicas de anestesia suave y odontolog\u00eda con sedaci\u00f3n para una experiencia relajada.<br \/><img decoding=\"async\" class=\"emoji\" role=\"img\" draggable=\"false\" src=\"https:\/\/s.w.org\/images\/core\/emoji\/15.0.3\/svg\/2714.svg\" alt=\"\u2714\" \/> Procedimientos m\u00ednimamente invasivos: con la \u00faltima tecnolog\u00eda, realizamos tratamientos con precisi\u00f3n, lo que reduce las molestias y el tiempo de recuperaci\u00f3n.<br \/><img decoding=\"async\" class=\"emoji\" role=\"img\" draggable=\"false\" src=\"https:\/\/s.w.org\/images\/core\/emoji\/15.0.3\/svg\/2714.svg\" alt=\"\u2714\" \/> Atenci\u00f3n compasiva: nuestro equipo experimentado se asegura de que se sienta a gusto durante su visita.<br \/><img decoding=\"async\" class=\"emoji\" role=\"img\" draggable=\"false\" src=\"https:\/\/s.w.org\/images\/core\/emoji\/15.0.3\/svg\/2714.svg\" alt=\"\u2714\" \/> Planes de tratamiento personalizados: personalizamos su atenci\u00f3n para satisfacer sus necesidades de comodidad y sus objetivos dentales.\u00a0<\/p><h4 data-start=\"1128\" data-end=\"1160\">Nuestros servicios sin dolor<\/h4><p data-start=\"1161\" data-end=\"1640\"><strong data-start=\"1164\" data-end=\"1192\"><img decoding=\"async\" class=\"emoji\" role=\"img\" draggable=\"false\" src=\"https:\/\/s.w.org\/images\/core\/emoji\/15.0.3\/svg\/2714.svg\" alt=\"\u2714\" \/> Limpiezas y ex\u00e1menes suaves<\/strong>\u00a0: mantenga su salud bucal sin estr\u00e9s.<br data-start=\"1251\" data-end=\"1254\" \/><strong data-start=\"1257\" data-end=\"1283\"><img decoding=\"async\" class=\"emoji\" role=\"img\" draggable=\"false\" src=\"https:\/\/s.w.org\/images\/core\/emoji\/15.0.3\/svg\/2714.svg\" alt=\"\u2714\" \/> Empastes del color del diente<\/strong>\u00a0: tratamientos de caries r\u00e1pidos e indoloros con resultados de apariencia natural.<br data-start=\"1352\" data-end=\"1355\" \/><strong data-start=\"1358\" data-end=\"1386\"><img decoding=\"async\" class=\"emoji\" role=\"img\" draggable=\"false\" src=\"https:\/\/s.w.org\/images\/core\/emoji\/15.0.3\/svg\/2714.svg\" alt=\"\u2714\" \/> Endodoncias sin miedo<\/strong>\u00a0: las t\u00e9cnicas modernas hacen que las endodoncias sean lo m\u00e1s c\u00f3modas posible.<br data-start=\"1451\" data-end=\"1454\" \/><strong data-start=\"1457\" data-end=\"1485\"><img decoding=\"async\" class=\"emoji\" role=\"img\" draggable=\"false\" src=\"https:\/\/s.w.org\/images\/core\/emoji\/15.0.3\/svg\/2714.svg\" alt=\"\u2714\" \/> Extracciones de muelas del juicio<\/strong>\u00a0: extracci\u00f3n segura y eficiente con m\u00ednimas molestias.<br data-start=\"1539\" data-end=\"1542\" \/><strong data-start=\"1545\" data-end=\"1575\"><img decoding=\"async\" class=\"emoji\" role=\"img\" draggable=\"false\" src=\"https:\/\/s.w.org\/images\/core\/emoji\/15.0.3\/svg\/2714.svg\" alt=\"\u2714\" \/> Invisalign\u00ae y dise\u00f1o de sonrisa<\/strong>\u00a0: transforme su sonrisa sin el dolor de los aparatos tradicionales.<\/p>\t\t\t\t\t\t\t\t<\/div>\n\t\t\t\t<\/div>\n\t\t\t\t<\/div>\n\t\t\t\t\t<\/div>\n\t\t\t\t<\/div>\n\t\t\t\t<\/div>\n\t\t","protected":false},"excerpt":{"rendered":"<p>Sin dolor Una experiencia c\u00f3moda para cada paciente Nuestro enfoque de odontolog\u00eda sin dolor garantiza que cada paciente reciba atenci\u00f3n de primera calidad sin miedo ni molestias. Ya sea que necesite una limpieza de rutina, un empaste o un procedimiento m\u00e1s avanzado, utilizamos t\u00e9cnicas modernas para que su visita sea lo m\u00e1s tranquila y relajante [&hellip;]<\/p>\n","protected":false},"author":1,"featured_media":0,"parent":0,"menu_order":0,"comment_status":"closed","ping_status":"closed","template":"elementor_header_footer","meta":{"_joinchat":[],"footnotes":""},"class_list":["post-1751","page","type-page","status-publish","hentry"],"_links":{"self":[{"href":"https:\/\/odontologostampa.com\/index.php?rest_route=\/wp\/v2\/pages\/1751","targetHints":{"allow":["GET"]}}],"collection":[{"href":"https:\/\/odontologostampa.com\/index.php?rest_route=\/wp\/v2\/pages"}],"about":[{"href":"https:\/\/odontologostampa.com\/index.php?rest_route=\/wp\/v2\/types\/page"}],"author":[{"embeddable":true,"href":"https:\/\/odontologostampa.com\/index.php?rest_route=\/wp\/v2\/users\/1"}],"replies":[{"embeddable":true,"href":"https:\/\/odontologostampa.com\/index.php?rest_route=%2Fwp%2Fv2%2Fcomments&post=1751"}],"version-history":[{"count":13,"href":"https:\/\/odontologostampa.com\/index.php?rest_route=\/wp\/v2\/pages\/1751\/revisions"}],"predecessor-version":[{"id":18952,"href":"https:\/\/odontologostampa.com\/index.php?rest_route=\/wp\/v2\/pages\/1751\/revisions\/18952"}],"wp:attachment":[{"href":"https:\/\/odontologostampa.com\/index.php?rest_route=%2Fwp%2Fv2%2Fmedia&parent=1751"}],"curies":[{"name":"wp","href":"https:\/\/api.w.org\/{rel}","templated":true}]}}